947?
26947
What are the prime factors of 1895?
5, 379
List the prime factors of 3251.
3251
List the prime factors of 3216.
2, 3, 67
List the prime factors of 5241.
3, 1747
List the prime factors of 1498.
2, 7, 107
What are the prime factors of 6369?
3, 11, 193
List the prime factors of 167341.
167341
List the prime factors of 48975.
3, 5, 653
List the prime factors of 50788.
2, 12697
What are the prime factors of 809?
809
What are the prime factors of 32539?
13, 2503
List the prime factors of 3916.
2, 11, 89
List the prime factors of 38850.
2, 3, 5, 7, 37
List the prime factors of 448.
2, 7
List the prime factors of 851.
23, 37
What are the prime factors of 84878?
2, 31, 37
What are the prime factors of 45294?
2, 3, 7549
List the prime factors of 58513.
7, 13, 643
What are the prime factors of 69519?
3, 23173
What are the prime factors of 27881?
7, 569
What are the prime factors of 164599?
164599
What are the prime factors of 50272?
2, 1571
List the prime factors of 408.
2, 3, 17
List the prime factors of 1076.
2, 269
List the prime factors of 24882.
2, 3, 11, 13, 29
List the prime factors of 20234.
2, 67, 151
What are the prime factors of 3323?
3323
List the prime factors of 18452.
2, 7, 659
List the prime factors of 10577.
7, 1511
What are the prime factors of 25?
5
List the prime factors of 15984.
2, 3, 37
List the prime factors of 26393.
26393
List the prime factors of 144.
2, 3
List the prime factors of 11972.
2, 41, 73
What are the prime factors of 4840?
2, 5, 11
List the prime factors of 8153.
31, 263
List the prime factors of 5431.
5431
List the prime factors of 498.
2, 3, 83
What are the prime factors of 1147?
31, 37
List the prime factors of 13142.
2, 6571
What are the prime factors of 147293?
147293
What are the prime factors of 2211?
3, 11, 67
What are the prime factors of 138422?
2, 67, 1033
What are the prime factors of 5774?
2, 2887
List the prime factors of 20666.
2, 10333
What are the prime factors of 11678?
2, 5839
List the prime factors of 2680.
2, 5, 67
What are the prime factors of 2373?
3, 7, 113
List the prime factors of 3455.
5, 691
What are the prime factors of 10211?
10211
What are the prime factors of 2157?
3, 719
List the prime factors of 6914.
2, 3457
What are the prime factors of 2569?
7, 367
List the prime factors of 7334.
2, 19, 193
List the prime factors of 10858.
2, 61, 89
List the prime factors of 82071.
3, 11, 829
What are the prime factors of 4614?
2, 3, 769
List the prime factors of 66144.
2, 3, 13, 53
List the prime factors of 666.
2, 3, 37
What are the prime factors of 61979?
61979
What are the prime factors of 13350?
2, 3, 5, 89
List the prime factors of 25260.
2, 3, 5, 421
List the prime factors of 158201.
158201
What are the prime factors of 109818?
2, 3, 6101
List the prime factors of 2025.
3, 5
What are the prime factors of 16152?
2, 3, 673
List the prime factors of 6944.
2, 7, 31
What are the prime factors of 3319?
3319
List the prime factors of 1731.
3, 577
What are the prime factors of 12450?
2, 3, 5, 83
List the prime factors of 1152.
2, 3
List the prime factors of 36116.
2, 9029
List the prime factors of 2950.
2, 5, 59
What are the prime factors of 35391?
3, 47, 251
List the prime factors of 1288.
2, 7, 23
List the prime factors of 1685.
5, 337
List the prime factors of 2255.
5, 11, 41
List the prime factors of 70133.
7, 43, 233
What are the prime factors of 41510?
2, 5, 7, 593
What are the prime factors of 15778?
2, 7, 23
What are the prime factors of 19419?
3, 6473
List the prime factors of 67840.
2, 5, 53
What are the prime factors of 15436?
2, 17, 227
List the prime factors of 38170.
2, 5, 11, 347
List the prime factors of 546.
2, 3, 7, 13
List the prime factors of 990.
2, 3, 5, 11
List the prime factors of 13526.
2, 6763
What are the prime factors of 17967?
3, 53, 113
List the prime factors of 28800.
2, 3, 5
List the prime factors of 883.
883
List the prime factors of 12427.
17, 43
List the prime factors of 3459.
3, 1153
What are the prime factors of 471?
3, 157
What are the prime factors of 4756?
2, 29, 41
List the prime factors of 224.
2, 7
What are the prime factors of 590?
2, 5, 59
What are the prime factors of 9812?
2, 11, 223
List the prime factors of 5337.
3, 593
What are the prime factors of 447?
3, 149
What are the prime factors of 13753?
17, 809
List the prime factors of 4206.
2, 3, 701
List the prime factors of 104562.
2, 3, 37, 157
List the prime factors of 18085.
5, 3617
What are the prime factors of 5002?
2, 41, 61
What are the prime factors of 35803?
35803
List the prime factors of 11456.
2, 179
What are the prime factors of 941?
941
List the prime factors of 87381.
3, 7, 19, 73
What are the prime factors of 788?
2, 197
List the prime factors of 4106.
2, 2053
List the prime factors of 151908.
2, 3, 12659
List the prime factors of 11136.
2, 3, 29
What are the prime factors of 112597?
109, 1033
What are the prime factors of 31857?
3, 7, 37, 41
List the prime factors of 506.
2, 11, 23
List the prime factors of 1219.
23, 53
What are the prime factors of 339?
3, 113
List the prime factors of 43130.
2, 5, 19, 227
What are the prime factors of 24759?
3, 7, 131
What are the prime factors of 719?
719
List the prime factors of 17631.
3, 653
List the prime factors of 2069.
2069
List the prime factors of 4195.
5, 839
List the prime factors of 11623.
59, 197
List the prime factors of 7656.
2, 3, 11, 29
List the prime factors of 4152.
2, 3, 173
What are the prime factors of 743?
743
List the prime factors of 1778.
2, 7, 127
What are the prime factors of 38014?
2, 83, 229
List the prime factors of 1152.
2, 3
List the prime factors of 28012.
2, 47, 149
What are the prime factors of 4177?
4177
What are the prime factors of 1226?
2, 613
List the prime factors of 15708.
2, 3, 7, 11, 17
What are the prime factors of 7310?
2, 5, 17, 43
List the prime factors of 23703.
3, 7901
What are the prime factors of 9751?
7, 199
What are the prime factors of 20744?
2, 2593
List the prime factors of 28604.
2, 7151
What are the prime factors of 40648?
2, 5081
What are the prime factors of 1314?
2, 3, 73
What are the prime factors of 12047?
7, 1721
What are the prime factors of 5506?
2, 2753
List the prime factors of 76054.
2, 11, 3457
What are the prime factors of 64?
2
List the prime factors of 886.
2, 443
List the prime factors of 1345.
5, 269
What are the prime factors of 2814?
2, 3, 7, 67
What are the prime factors of 2402?
2, 1201
What are the prime factors of 3991?
13, 307
What are the prime factors of 806?
2, 13, 31
List the prime factors of 133955.
5, 73, 367
What are the prime factors of 12269?
12269
What are the prime factors of 16009?
7, 2287
What are the prime factors of 33985?
5, 7, 971
List the prime factors of 41977.
13, 3229
List the prime factors of 9194.
2, 4597
List the prime factors of 3619.
7, 11, 47
List the prime factors of 1807.
13, 139
What are the prime factors of 358?
2, 179
What are the prime factors of 49946?
2, 13, 17, 113
List the prime factors of 44017.
44017
List the prime factors of 54055.
5, 19, 569
List the prime factors of 42458.
2, 13, 23, 71
What are the prime factors of 34220?
2, 5, 29, 59
List the prime factors of 6983.
6983
What are the prime factors of 23697?
3, 2633
List the prime factors of 99110.
2, 5, 11, 17, 53
List the prime factors of 4728.
2, 3, 197
List the prime factors of 3440.
2, 5, 43
What are the prime factors of 2134?
2, 11, 97
List the prime factors of 58676.
2, 14669
What are the prime factors of 38340?
2, 3, 5, 71
What are the prime factors of 6507?
3, 241
List the prime factors of 2540.
2, 5, 127
What are the prime factors of 11952?
2, 3, 83
What are the prime factors of 280?
2, 5, 7
What are the prime factors of 91952?
2, 7, 821
List the prime factors of 1989.
3, 13, 17
List the prime factors of 2872.
2, 359
List the prime factors of 2652.
2, 3, 13, 17
What are the prime factors of 1053?
3, 13
What are the prime factors of 7581?
3, 7, 19
List the prime factors of 70945.
5, 7, 2027
List the prime factors of 4350.
2, 3, 5, 29
List the prime factors of 56565.
3, 5, 419
List the prime factors of 2745.
3, 5, 61
What are the prime factors of 4158?
2, 3, 7, 11
List the prime factors of 33461.
33461
What are the prime factors of 89825?
5, 3593
What 